{"id":11984,"date":"2024-02-15T20:56:10","date_gmt":"2024-02-15T20:56:10","guid":{"rendered":"https:\/\/limagroupsrl.it\/?post_type=product&#038;p=11984"},"modified":"2024-02-15T20:56:17","modified_gmt":"2024-02-15T20:56:17","slug":"avvolgibile-in-alluminio-microforata-shadow","status":"publish","type":"product","link":"https:\/\/limagroupsrl.it\/?product=avvolgibile-in-alluminio-microforata-shadow","title":{"rendered":"AVVOLGIBILE IN ALLUMINIO MICROFORATA SHADOW"},"content":{"rendered":"<p class=\"p1\"><strong>SHADOW<\/strong> \u00e8 realizzata con un gancio pi\u00f9 alto e resistente rispetto alla tapparella tradizionale, e, allo stesso tempo, <strong>interamente microforato<\/strong>.<\/p>\n<p>&nbsp;<\/p>\n<p class=\"p1\">Ci\u00f2 consente un <strong>maggiore riciclo dell\u2019aria, la possibilit\u00e0 di oscuramento graduale<\/strong> e, non per ultimo, una barriera contro gli insetti indesiderati.<\/p>\n<p>&nbsp;<\/p>\n<p class=\"p1\">La caratteristica fondamentale di questo profilo consiste nella presenza della microforatura su tutta la superficie del gancio. Tale particolarit\u00e0 permette, ad avvolgibile abbassato, oltre alla funzione oscurante, un\u2019efficace prestazione come zanzariera e un\u2019ottima visuale verso l\u2019esterno, contemporaneamente al mantenimento della privacy.<br \/>\nShadow \u00e8 disponibile in variante media densit\u00e0 e alta densit\u00e0.<\/p>\n","protected":false},"excerpt":{"rendered":"<p>SHADOW \u00e8 realizzata con un gancio pi\u00f9 alto e resistente rispetto alla tapparella tradizionale, e, allo stesso tempo, interamente microforato. &nbsp; Ci\u00f2 consente un maggiore riciclo dell\u2019aria, la possibilit\u00e0 di oscuramento graduale e, non per ultimo, una [&hellip;]<\/p>\n","protected":false},"featured_media":11998,"comment_status":"closed","ping_status":"closed","template":"","meta":{"_joinchat":[]},"product_cat":[26],"product_tag":[],"class_list":{"0":"post-11984","1":"product","2":"type-product","3":"status-publish","4":"has-post-thumbnail","6":"product_cat-avvoligibili-in-pvc-e-alluminio","8":"first","9":"instock","10":"shipping-taxable","11":"product-type-simple"},"_links":{"self":[{"href":"https:\/\/limagroupsrl.it\/index.php?rest_route=\/wp\/v2\/product\/11984","targetHints":{"allow":["GET"]}}],"collection":[{"href":"https:\/\/limagroupsrl.it\/index.php?rest_route=\/wp\/v2\/product"}],"about":[{"href":"https:\/\/limagroupsrl.it\/index.php?rest_route=\/wp\/v2\/types\/product"}],"replies":[{"embeddable":true,"href":"https:\/\/limagroupsrl.it\/index.php?rest_route=%2Fwp%2Fv2%2Fcomments&post=11984"}],"wp:featuredmedia":[{"embeddable":true,"href":"https:\/\/limagroupsrl.it\/index.php?rest_route=\/wp\/v2\/media\/11998"}],"wp:attachment":[{"href":"https:\/\/limagroupsrl.it\/index.php?rest_route=%2Fwp%2Fv2%2Fmedia&parent=11984"}],"wp:term":[{"taxonomy":"product_cat","embeddable":true,"href":"https:\/\/limagroupsrl.it\/index.php?rest_route=%2Fwp%2Fv2%2Fproduct_cat&post=11984"},{"taxonomy":"product_tag","embeddable":true,"href":"https:\/\/limagroupsrl.it\/index.php?rest_route=%2Fwp%2Fv2%2Fproduct_tag&post=11984"}],"curies":[{"name":"wp","href":"https:\/\/api.w.org\/{rel}","templated":true}]}}